common factor of j and 8?
8
Let u = 15179 + -14995. Calculate the highest common divisor of u and 4922.
46
Let h be (-3)/(-6)*(204 + -6). Let n be 0 - -1 - (4 - 0). Let j = 36 + n. What is the highest common factor of j and h?
33
Let w = -156 + 154. Let q be (-3*(-70)/(-15))/(1/w). Calculate the highest common factor of 98 and q.
14
Suppose 262 = -13*p + 1952. Suppose -34*z = -p - 5038. Calculate the greatest common factor of z and 380.
76
Suppose -12*t - t + 38844 = 0. Suppose 4*k = -2*k + t. Let p = k - 226. What is the greatest common divisor of p and 34?
34
Let w(y) be the second derivative of 11*y**3/3 - 4*y. Let h be w(9). Let p be ((-334)/835)/(-2*2/180). What is the greatest common divisor of h and p?
18
Suppose q + 62 = 5*l - 0*l, 3*l = 2*q + 33. Let i(f) = 3*f**3 + 40*f**2 + 41*f + 189. Let u be i(-12). Calculate the highest common divisor of l and u.
13
Suppose 4962*j = 4960*j + 96. Calculate the highest common divisor of j and 2076.
12
Suppose 158 = 9*z + 144 - 490. What is the highest common divisor of z and 10136?
56
Let a(f) = 209*f - 646. Let q be a(6). Calculate the highest common factor of q and 361.
19
Suppose -292024 = 15751*b - 15759*b. Calculate the highest common divisor of b and 173.
173
Let z = -1509 - -1596. Let i = 72 - -44. Calculate the greatest common divisor of i and z.
29
Let k = -359 + 369. Let j be 3/(-6) - ((-335)/k + 9). Calculate the greatest common factor of j and 84.
12
Let m = 21 - 17. Let v be m - (-76)/(-16) - 19/(-4). Suppose 4*x - 102 = -v*f - 26, -2*f = 10. Calculate the highest common factor of x and 3.
3
Let n be 3*(-2)/(-9)*18. Suppose 5*k - 47 = -n. Let h(o) = 56*o**2 + 36*o - 36. Let w be h(1). What is the greatest common factor of k and w?
7
Suppose 2*w - 9 = w + 4*p, -2*w = -4*p - 14. Suppose 0 = w*z + 5 - 20. Suppose -33 - 33 = -z*t. Calculate the highest common factor of 220 and t.
22
Suppose -5*h - x + 211 = 0, 4*h + 635 = -x + 803. Calculate the highest common factor of h and 1591.
43
Let u = -12073 - -12109. What is the highest common factor of 460 and u?
4
Let d be ((-45)/(-12))/(1/8). Suppose -4*l + l = 3*y - 24, 2*y - 3*l = -4. Let q be (-1)/y*-11 + 96/384. What is the highest common divisor of q and d?
3
Let a = 70 + -50. Suppose a*j - 323 = -83. Let g be (-13)/(-2) - j/(-8) - -1. Calculate the greatest common factor of 9 and g.
9
Let w be (-1724)/8 - ((-5)/(-2) + -4). Let l = w + 274. What is the greatest common divisor of 210 and l?
30
Let t(p) = -19*p + 252. Let u be t(25). Let n = 283 + u. What is the greatest common factor of n and 40?
20
Let h be (-6 - 68/(-12))/(-2 + (-826)/(-414)). Calculate the highest common divisor of 391 and h.
23
Let m = -1838 - -442. Let d = 2202 + m. What is the greatest common divisor of 62 and d?
62
Let p(n) = 5*n - 175. Let r be p(42). Suppose 24 = -16*j + 20*j. Suppose 0 = 8*y - j*y - 10. Calculate the greatest common divisor of y and r.
5
Let r be 20/(-8)*(-18)/(-75)*-255. Calculate the highest common divisor of 45 and r.
9
Suppose -338*g + 12*g = -20538. Calculate the highest common divisor of g and 303.
3
Let f be 4/(-8)*2 + 904/8. Suppose 2*d + 5*x + 168 = 6*d, -3*d + 5*x = -126. Calculate the greatest common factor of d and f.
14
Let c = 27 - 24. Suppose 5*h - 53*q = -55*q + 21, -2*q + 6 = 2*h. Calculate the highest common factor of c and h.
1
Let k = 14248 + -11749. Calculate the highest common factor of 105 and k.
21
Suppose 2*l - 6*v = -3*v - 47, -5*l = 3*v + 170. Let w = l + 119. Suppose 0 = -6*z + 69 + 27. What is the highest common divisor of w and z?
8
Let h be (18/10)/((-75)/(-250)). Let g be ((-114)/h - 2)*-1*5. Calculate the greatest common divisor of 15 and g.
15
Suppose -35*q = 175 - 560. Let m = 15 + -5. Suppose x - m = 133. Calculate the highest common factor of q and x.
11
Let y(b) = 20 + 3 + 12*b - 9*b**2 + 1 + b**3. Let v be y(7). Suppose -7 = 2*n + 1, 0 = -x + 5*n + 60. What is the highest common divisor of x and v?
10
Suppose k = 5*m + 3, 0*k + 2*k = -3*m - 7. Suppose -69 = -88*b + 91*b. Let z = m - b. What is the highest common factor of 22 and z?
22
Let o(u) = 403*u**2 + 29*u - 57. Let n be o(3). Calculate the highest common factor of n and 69.
69
Let k be -2 - (-5)/(20/532). Suppose k = 6*s - 217. Let a be (580/40)/(3/6). What is the highest common factor of a and s?
29
Suppose -o + 7775 = 88*j - 86*j, 0 = 3*j - 9*o - 11568. Calculate the highest common factor of j and 110.
11
Let q(i) = i**3 - 17*i**2 + 18*i - 28. Let j be q(16). Suppose -j*b + 41 = 17. Suppose -8 = -g - b. What is the greatest common divisor of g and 16?
2
Suppose -51*o + 5075 = -44*o. Suppose -4*i + 3*k = -o - 370, -543 = -2*i - 3*k. What is the highest common factor of 39 and i?
39
Suppose 19*r = 80 - 4. Let j be 12/(-18)*(-78)/r. Let k(c) = -18*c**3 - c**2 - 2*c - 1. Let v be k(-2). What is the greatest common divisor of v and j?
13
Let i(w) = 229*w - 225. Let l be i(1). What is the highest common factor of 458 and l?
2
Suppose -s + 4*b + 3440 = -991, 0 = 4*s + 2*b - 17706. What is the highest common divisor of 19 and s?
19
Let t be (12/16)/((-3)/(-12)). Suppose 25 + 11 = d. Suppose -2*m = -4*a + d, t*a + 3*m - 2*m = 32. Calculate the highest common divisor of a and 15.
5
Let n be 4/(-10)*770/(-2). Suppose 851*y = 57188 + 36422. Calculate the greatest common divisor of y and n.
22
Let s(b) = 2*b**2 - 137*b + 652. Let j be s(64). Calculate the highest common divisor of 2812 and j.
76
Let s = -8907 + 9337. Calculate the highest common factor of 2 and s.
2
Suppose 6482 + 9754 = -39*j - 159*j. Suppose s = 4*l + 378, -l + 2*s - 106 = -8. Let d = j - l. What is the greatest common divisor of d and 8?
4
Suppose 5*m - 15 - 20 = 0. Let q be m*(-11)/(231/(-90)). Suppose 2*k - 3*z + 2*z - 27 = 0, 5*k + 3*z = 51. Calculate the greatest common factor of k and q.
6
Let u = 23565 - 23309. What is the highest common factor of 44 and u?
4
Let d be (312/(-16))/(3/(-6)). Let q = 15 + 2. Let l = 134 - q. What is the highest common divisor of l and d?
39
Let w be 7/3 + (-1)/3. Suppose -2 = w*j - 3*j. Suppose 0 = -2*q - 3*a + 49, -12 = 3*q + j*a - 98. What is the highest common divisor of q and 8?
8
Suppose 5*d = y - 21584 + 4981, -y + 16563 = 3*d. What is the greatest common factor of 36 and y?
18
Let o(h) = 28*h + 1. Let a be o(3). Let w(q) = 13*q - 225. Let v be w(30). Let s = v - a. What is the highest common divisor of 10 and s?
10
Let j = 146 + -73. Suppose r = 269*x - 271*x + 1880, 18 = -r. Calculate the highest common factor of x and j.
73
Let p be (-1 + (-14)/(-8))/(152/8512). Let q be (-788)/(-14) - 2/7. Let z be ((-36)/21)/((-16)/q). What is the highest common divisor of p and z?
6
Suppose 11512*o = 11498*o + 8904. What is the greatest common factor of 4664 and o?
212
Let t(q) be the first derivative of q**4/4 + 8*q**3/3 - q**2/2 - 32*q - 22. Let a be t(-6). What is the greatest common divisor of 23 and a?
23
Suppose -3*y + 4005 = 3*m, 3*y - 134 = -2*m + 2539. Calculate the greatest common factor of m and 1628.
148
Let k(r) = r**2 + 14*r + 28. Let d be k(0). What is the greatest common divisor of d and 21?
7
Suppose 4*d = -3*c + 30, -4*c - 5*d = -2*c - 20. Let f(h) = -9*h**3 + 2*h**2 + 15*h + 14. Let l be f(-1). What is the greatest common divisor of c and l?
10
Let z be ((-15)/(-35) - (-2784)/168) + -10. Let a = 73 + -17. Calculate the highest common factor of a and z.
7
Suppose -6*v = 3*v - 648. Let d = -39 + v. Let g be -1*2 - 233/(-1). What is the greatest common factor of d and g?
33
Let z be 5925/(-24) - -8*(-6)/384. Let l = z - -258. What is the highest common divisor of l and 7?
1
Let f = -94 + 119. Suppose -66*v - f = -71*v. What is the highest common divisor of 15 and v?
5
Let z = 134 + -136. Let q(x) = -38*x - 23. Let w be q(z). Calculate the highest common divisor of w and 583.
53
Let m(s) = -94 - 87 - 4*s + 207*s**2 + 8*s**2 + 178. Let o be m(-1). Let p = o - 146. Calculate the greatest common factor of p and 10.
10
Let w be 2*(-1)/(-6) - 21/((-315)/1795). What is the greatest common divisor of 192 and w?
24
Let l(r) = r**3 + 13*r**2 - 35*r - 37. Suppose -36*x - 555 = -87. Let f be l(x). What is the greatest common factor of 152 and f?
38
Let x be ((-1)/(-1))/(16/64). Let y be x - 0 - (-5 - 0). Let p be (y + -4 - 2) + 6. What is the greatest c